17*r - 15 + 100 = 0. Suppose -4*y + 3479 = x, r*y + 4084 + 2913 = 2*x. Is x composite?
False
Suppose -4*n + 16 = 0, 0 = -0*y + 2*y + n - 16. Let b = 6 - y. Suppose -3*z = -j - 351, 5*z - 3*j + 7*j - 602 = b. Is z composite?
True
Suppose j = -0*j + 5*p + 49, j + 5*p - 89 = 0. Suppose -10*y + 13*y = j. Is y a composite number?
False
Let n(o) be the third derivative of -31*o**7/5040 - o**6/180 - o**5/10 - 2*o**2. Let d(v) be the third derivative of n(v). Is d(-3) a composite number?
False
Let y(s) = 11*s**2 + 3*s - 1. Is y(11) composite?
True
Suppose 0 = -3*r - 5 + 20. Suppose v + 42 - 154 = q, 15 = -r*q. Is v prime?
True
Let b(t) = 947*t + 182. Is b(9) a prime number?
False
Suppose -20 = 11*q - 7*q, 2*u - q = 181. Is 16/u - 2979/(-11) composite?
False
Suppose -109255 = -13*v + 44730. Suppose 2*i - 4717 = 5*g, 5*i + 3*g = 5*g + v. Is i prime?
True
Let z(l) = -5*l + 541. Is z(0) composite?
False
Let h(y) = y**3 + 19*y**2 - 32*y + 39. Is h(-19) prime?
True
Suppose -4*c - 10199 = -5*a - 0*c, -5*a - 2*c + 10193 = 0. Is a a prime number?
True
Suppose -2975 = -30*d + 29*d - 4*n, 0 = 2*d - 5*n - 5989. Is d a prime number?
False
Suppose -n + 4*o + 2137 = 0, 0 = 2*n - 5*o - 2099 - 2187. Is n a composite number?
False
Let o(m) = 2*m**2 + 2*m - 1. Let u be o(-8). Let g = u - -596. Is g a prime number?
False
Let o be -3*4/((-24)/130). Let q = 142 - o. Is q a prime number?
False
Let t(h) = -641*h. Let v = -4 + -13. Let p = v + 16. Is t(p) composite?
False
Let b(f) = 40*f**3 + 29*f**2 + 37*f - 23. Is b(10) a composite number?
True
Let d = 6573 + -2246. Is d prime?
True
Let l(r) = -2*r**2 + 12*r - 1. Let v be l(6). Is 1675/5 - (1/v - -2) prime?
False
Suppose 2 = n, -5 = -4*x - 5*n + 25. Suppose -167 = -x*l - 3*d, 66 = l + l + d. Is l prime?
True
Let v(c) = -107*c - 2. Suppose 45 = 3*u + 5*q, -2*u + 0*q = 4*q - 30. Suppose 5*a = 5*m, -3*a + 0*a - 2*m - u = 0. Is v(a) a composite number?
True
Suppose 38 = -b - 41. Let n = 54 + b. Let v = 178 - n. Is v a composite number?
True
Is (-666009)/(-39) - 6/39 composite?
False
Suppose 0 = -n - 13 + 164. Suppose -21*o - 230 = -22*o. Let z = o - n. Is z composite?
False
Suppose 1872 = -5*a - 4*q - 719, -4*a - 2040 = -5*q. Let o = -278 - a. Is o a composite number?
True
Suppose 0 = -3*x + 3, 6*h - h - 10600 = -5*x. Is h a prime number?
False
Let j(m) = -9*m - 5. Let d = -10 - -16. Suppose -4*u + d*u = -8. Is j(u) a composite number?
False
Let y(l) = 5*l**2 + 2*l - 3. Let m be y(4). Suppose -2*g + 214 = -3*w, -1 = -5*w - 4*g - 365. Let f = m - w. Is f a composite number?
False
Suppose -3*p + 20*l = 18*l - 37303, -8 = -2*l. Is p prime?
True
Let j be (0 - 1)/(1/(-6)). Is (557/(-3))/(j/(-18)) a prime number?
True
Let h(c) = -c**2 - 4*c - 11. Let i be h(-2). Let v(r) = -r**3 + 2*r**2 + 16*r - 6. Is v(i) composite?
True
Let k(y) = -10*y - 11. Let g(n) = 7*n**3 - n**2 + 1. Let r be g(-1). Let t be k(r). Suppose i + t = 204. Is i a prime number?
False
Let o be 41/(-3) - (-1)/(-3). Let w be 375/35 + (-4)/o. Suppose 2*j - 128 = -4*s, j - w = -5*s + 152. Is s a composite number?
True
Suppose -t = -12*r + 7*r + 8111, 0 = -5*r - 3*t + 8107. Is r a prime number?
False
Is 307770/(-120)*(-1 + -3) prime?
True
Suppose -2*s = -2*g - 6, 3*s + 4*g = 26 + 18. Suppose 5*n + 2 + s = 0. Let m(p) = 22*p**2 - p - 1. Is m(n) a composite number?
False
Let m(s) = 2*s - 10. Let p be m(6). Suppose 0 = z - x - 100 - 78, 357 = p*z - x. Is z composite?
False
Let s(w) = 11*w - 11. Let m(c) = 17*c - 17. Let l(i) = -5*m(i) + 8*s(i). Is l(8) a prime number?
False
Let b = -28 - -31. Suppose 5*r - 2635 = 5*k, 0*k = -4*r - b*k + 2122. Is r prime?
False
Let d(z) = 5*z + 14. Let n = -15 - -14. Let c(v) = v - 1. Let m(p) = n*d(p) - 4*c(p). Is m(-11) a composite number?
False
Let w = 2917 + -6631. Let n(k) = 597*k**2 - 4. Let l be n(-3). Let b = l + w. Is b composite?
True
Is 30/(-70) - 142914/(-21) composite?
True
Suppose 0 = 28*y - 39300 - 31960. Is y prime?
False
Let g = -6 - -12. Let q be ((-4)/g)/(3/(-9)). Is 3 - (q - 78*2) prime?
True
Let h = 17356 - 9903. Is h a prime number?
False
Suppose 0 = 5*q - 3*u - 5, -q - u - 3 = -3*q. Suppose -q*h - 316 = -4*w, h + 316 = -2*w + 6*w. Is w composite?
False
Let u = 13388 + -597. Is u a composite number?
False
Suppose 2*g = 3*h + 799, 4*h - 3*h - 4*g = -273. Let f(j) = j**2 - j + 1. Let k be f(1). Is (h/20)/(k/(-4)) prime?
True
Suppose 4*z = -z - 55. Let w(h) = h**3 + 12*h**2 + 11*h + 2. Let a be w(z). Is 0 - (a - -1112)/(-2) prime?
True
Let c = -11 + 55. Suppose 0 = -42*b + c*b - 102. Is b composite?
True
Let y = -22 - -35. Let f = 16 - y. Is f composite?
False
Let u be (18/21)/(6/21). Suppose -6*a = u*a - 15993. Is a composite?
False
Let l = -68 - -68. Suppose h + l*h = 2027. Is h composite?
False
Let w(n) = -5*n - 27. Let c be w(-6). Suppose -c*j - 6 = 0, j + 790 - 26 = 2*d. Is d prime?
False
Suppose 2*z = -x + 9657, -4*x + 4*z + 54184 - 15520 = 0. Is x a prime number?
False
Suppose 3*d - 10*d + 56 = 0. Let v be 200/(-16)*d/(-10). Is 375 - 3*v/(-15) a composite number?
True
Suppose 100 = 8*i + 2*i. Is 1320 - (-4)/i*-5 a prime number?
False
Let d(i) = 87*i - 83. Is d(12) a composite number?
True
Let b(x) be the third derivative of x**4/24 + 635*x**3/6 - 15*x**2. Is b(0) a prime number?
False
Let z = -26851 + 38328. Is z prime?
False
Let x(y) = y**2 - 4*y - 7. Let o be x(6). Suppose -140 = -c - o*d, -2*c - 3*d + 110 = -135. Is c prime?
False
Suppose -8 = -2*o + 3*v, o + 2 = -3*o - 3*v. Let m be (-37)/(o + -3 - -1). Suppose u - 2*u = -m. Is u composite?
False
Is -2*(5 - 72486/12) a composite number?
False
Suppose -u + 15 = 4*u. Suppose 0 = -u*h + 177 + 378. Is h a composite number?
True
Let m(n) = -n**2 + 14*n + 11. Let k be m(14). Let u = k - 20. Is 1293*(-3)/u + 0 a composite number?
False
Let o = 45638 + -16737. Is o a composite number?
False
Is -4 - (369 - (-5 + 1))*-5 a prime number?
True
Let k = -99 - -149. Let z be 6870/k + 4/(-10). Suppose d + 6 = z. Is d prime?
True
Suppose -7*a + 19164 = -a. Suppose -4*v + a = 2*d + v, -v = 0. Is d a prime number?
True
Let y = -1035 + 3776. Is y composite?
False
Suppose -2*y - 4*a + 646 = 0, 106 + 543 = 2*y + 3*a. Is y a prime number?
False
Suppose 3*t + 192773 = 4*g, -5*g + 8*g + 3*t = 144585. Is g a composite number?
True
Let t = 277 + 424. Is t a prime number?
True
Let d = 583 + -912. Is 258/(-4)*d/(-21)*-2 composite?
True
Let j = -34 + 34. Suppose 0 = -r + 2*d + 2837, 2*d + 8527 = 3*r - j*d. Is r prime?
False
Let h = -608 - -1741. Is h composite?
True
Suppose 5*y + 32 = -2*s, 2*y + 4*s = -0*y. Let h = 11 + y. Suppose 0 = -r - h*l + 467, -448 = -2*r + 4*l + 486. Is r a composite number?
False
Is (5656/(-84))/(4/(-786)) composite?
True
Let a = 6300 - 2707. Is a a composite number?
False
Suppose -3*q + 1548 = -0*q. Let f = 779 - q. Is f a composite number?
False
Is (4176/240)/((-3)/(-415)) a composite number?
True
Suppose 5*z + 184 = -2*x, 3*z - z = -4*x - 368. Let i = -39 - x. Is i composite?
False
Let r = 26346 - -19313. Is r a prime number?
True
Let w = -15 + 43. Let a be (-2)/6 - w/6. Let c(p) = -p**3 - 3*p**2 + 1. Is c(a) prime?
False
Let t(g) = 8*g + 16*g + 0*g - 1. Is t(6) a prime number?
False
Suppose -6061 - 7040 = -3*f. Is f a composite number?
True
Let f = 75 + -74. Is (-5 + 4 - -684)/f a prime number?
True
Let f(y) = 2095*y**3 + y - 1. Let x be f(1). Suppose 0 = 9*o - 4*o - x. Is o a prime number?
True
Suppose -4 = 6*q - 64. Suppose 4*h - 3*h - 2*i - 29 = 0, 0 = 2*i - q. Is h prime?
False
Let c(j) be the first derivative of -j**4 + 5*j**3/6 + 2*j**2 + 4. Let k(b) be the second derivative of c(b). Is k(-6) composite?
False
Let l be 19865/20 - 1/4. Suppose -s + l = 2*s. Is s a prime number?
True
Suppose 2*t = 6*t - 3592. Suppose 0*f = 2*f - t. Is f composite?
False
Suppose 4*z - 2096 = -3*k, -k = -z + 5*z - 2088. Is z prime?
True
Is -2 - -3 - -5440 - -6 composite?
True
Let z(s) = 119*s**3 - 6*s**2 - 5*s + 3. Let g(h) = -h**2 - h. Let u(j) = 5*g(j) - z(j). Is u(-2) composite?
False
Is ((-838)/6)/(15/(-90)) a composite number?
True
Let h be -2 + 5 + 2 + -10. Let g(k) = -k**3 + 6*k**2 - 4*k + 7. Let a be g(h). Let z = -183 + a. Is z prime?
False
Let b be 95/30 - 2/12. Suppose b*x + 2*x = 0. Suppose -4*h + 320 = 4*m, x*h - 77 = -m + 2*h. Is m prime?
True
Let h = 119951 